{"id":90,"date":"2020-11-28T19:58:29","date_gmt":"2020-11-28T18:58:29","guid":{"rendered":"http:\/\/pensionchiens.fr\/?page_id=90"},"modified":"2020-12-14T17:25:23","modified_gmt":"2020-12-14T16:25:23","slug":"a-propos-de1","status":"publish","type":"page","link":"https:\/\/pensionchiens.fr\/index.php\/a-propos-de1\/","title":{"rendered":"Pr\u00e9sentation"},"content":{"rendered":"\n<p class=\"has-medium-font-size\"><em>J\u2019ai toujours eu la passion des animaux, avec 25 ans d\u2019exp\u00e9riences diverses aupr\u00e8s d\u2019eux, j\u2019ai d\u00e9cid\u00e9 de faire de cette passion mon m\u00e9tier.<\/em><\/p>\n\n\n\n<p class=\"has-medium-font-size\"><em>B\u00e9n\u00e9vole en refuges pendant des ann\u00e9es.<\/em><\/p>\n\n\n\n<p class=\"has-medium-font-size\"><em>Fondatrice et Pr\u00e9sidente de l\u2019association&nbsp;<\/em><em>Sosdobermann<\/em><em>. Je suis habitu\u00e9e aux cas difficiles et vari\u00e9s.<\/em><\/p>\n\n\n\n<p class=\"has-medium-font-size\"><em>Titulaire du certificat de formation \u00e0 l\u2019\u00e9levage canin de la Soci\u00e9t\u00e9 Centrale Canine (29 juin 2008). <\/em><\/p>\n\n\n\n<p class=\"has-medium-font-size\"><em>Titulaire du certificat de capacit\u00e9 relatif \u00e0 l\u2019exercice des activit\u00e9s li\u00e9es aux animaux de compagnie d\u2019esp\u00e8ces domestiques et du CESCCAM (Certificat d\u2019Etudes pour les Sapiteurs au Comportement Canin et Accompagnement des Ma\u00eetres) en d\u00e9cembre 2008 \u00e0 l\u2019\u00e9cole v\u00e9t\u00e9rinaire de Maisons Alfort, formation organis\u00e9e par le Syndicat National des Professions du Chien et du Chat.<\/em><\/p>\n\n\n\n<p class=\"has-medium-font-size\"><em>J\u2019affine constamment mon exp\u00e9rience de ce m\u00e9tier, au contact d\u2019autres professionnels, des chiens \u00e0 adopter, de formations et de lectures vari\u00e9es.<\/em><\/p>\n\n\n\n<p class=\"has-medium-font-size\"><em>Soucieuse de respecter les r\u00e9glementations professionnelles, mon activit\u00e9 est d\u00e9clar\u00e9e aupr\u00e8s de la pr\u00e9fecture des Alpes Maritimes (N\u00b029\/2014), enregistr\u00e9e sous le siren 508 071 016 et assur\u00e9e (assurance MMA multi risque professionnelle). <\/em><\/p>\n\n\n\n<p class=\"has-medium-font-size\"><em>Nos chiens sont habitu\u00e9s \u00e0 recevoir des copains \u00e0 la maison<\/em><strong><em>.<\/em><\/strong><\/p>\n\n\n\n<p><\/p>\n","protected":false},"excerpt":{"rendered":"<p>J\u2019ai toujours eu la passion des animaux, avec 25 ans d\u2019exp\u00e9riences diverses aupr\u00e8s d\u2019eux, j\u2019ai d\u00e9cid\u00e9 de faire de cette passion mon m\u00e9tier. B\u00e9n\u00e9vole en refuges pendant des ann\u00e9es. Fondatrice et Pr\u00e9sidente de l\u2019association&nbsp;Sosdobermann. Je suis habitu\u00e9e aux cas difficiles et vari\u00e9s. Titulaire du certificat de formation \u00e0 l\u2019\u00e9levage canin de la Soci\u00e9t\u00e9 Centrale Canine [&hellip;]<\/p>\n","protected":false},"author":1,"featured_media":360,"parent":0,"menu_order":0,"comment_status":"closed","ping_status":"closed","template":"","meta":{"spay_email":""},"_links":{"self":[{"href":"https:\/\/pensionchiens.fr\/index.php\/wp-json\/wp\/v2\/pages\/90"}],"collection":[{"href":"https:\/\/pensionchiens.fr\/index.php\/wp-json\/wp\/v2\/pages"}],"about":[{"href":"https:\/\/pensionchiens.fr\/index.php\/wp-json\/wp\/v2\/types\/page"}],"author":[{"embeddable":true,"href":"https:\/\/pensionchiens.fr\/index.php\/wp-json\/wp\/v2\/users\/1"}],"replies":[{"embeddable":true,"href":"https:\/\/pensionchiens.fr\/index.php\/wp-json\/wp\/v2\/comments?post=90"}],"version-history":[{"count":7,"href":"https:\/\/pensionchiens.fr\/index.php\/wp-json\/wp\/v2\/pages\/90\/revisions"}],"predecessor-version":[{"id":433,"href":"https:\/\/pensionchiens.fr\/index.php\/wp-json\/wp\/v2\/pages\/90\/revisions\/433"}],"wp:featuredmedia":[{"embeddable":true,"href":"https:\/\/pensionchiens.fr\/index.php\/wp-json\/wp\/v2\/media\/360"}],"wp:attachment":[{"href":"https:\/\/pensionchiens.fr\/index.php\/wp-json\/wp\/v2\/media?parent=90"}],"curies":[{"name":"wp","href":"https:\/\/api.w.org\/{rel}","templated":true}]}}