{"id":274,"date":"2020-12-05T16:32:04","date_gmt":"2020-12-05T15:32:04","guid":{"rendered":"http:\/\/pensionchiens.fr\/?page_id=274"},"modified":"2022-01-10T13:56:16","modified_gmt":"2022-01-10T12:56:16","slug":"reglement-interieur","status":"publish","type":"page","link":"https:\/\/pensionchiens.fr\/index.php\/reglement-interieur\/","title":{"rendered":"R\u00e8glement Int\u00e9rieur"},"content":{"rendered":"\n<p class=\"has-medium-font-size\"><em>Afin de pr\u00e9server l\u2019\u00e9quilibre et le calme indispensables au bien-\u00eatre de tous, quelques pr\u00e9cautions s\u2019imposent :<\/em><\/p>\n\n\n\n<p class=\"has-medium-font-size\">&#8211;<em><span style=\"text-decoration: underline;\">Les arriv\u00e9es et les d\u00e9parts se font uniquement sur rendez-vous<\/span>. Il en va de la tranquillit\u00e9 de nos pensionnaires et de notre entourage.&nbsp;<\/em><\/p>\n\n\n\n<p class=\"has-medium-font-size\">&#8211;<em>Pour garantir la s\u00e9r\u00e9nit\u00e9 de tous, je n\u2019accepte que des pensionnaires sociaux, connaissant la vie dans une maison.<\/em><\/p>\n\n\n\n<p class=\"has-medium-font-size\">&#8211; <em>Aucun pr\u00e9jug\u00e9 de race ou de taille, mais je ne peux accepter de pensionnaire fugueur, destructeur, dominant ou aboyeur, ainsi que les m\u00e2les adultes non st\u00e9rilis\u00e9s.<\/em><\/p>\n\n\n\n<p class=\"has-medium-font-size\">&#8211; <em>Pour le respect des r\u00e8gles de notre pension, seuls les animaux identifi\u00e9s par tatouage ou puce peuvent \u00eatre accept\u00e9s.&nbsp;<span style=\"text-decoration: underline;\">La carte d\u2019identification&nbsp;I.Cad&nbsp;devra obligatoirement \u00eatre remit au moment de l\u2019arriv\u00e9e. Pour chaque s\u00e9jour<\/span>. Merci de v\u00e9rifier que cette carte correspond bien \u00e0 vos coordonn\u00e9es.<\/em><\/p>\n\n\n\n<p class=\"has-medium-font-size\">&#8211; <span style=\"font-style: italic; text-decoration: underline;\">Les rappels annuels de vaccins devront \u00eatre \u00e0 jour et en cours de validit\u00e9 pour le s\u00e9jour<\/span><i>&nbsp;: Carr\u00e9 \/ H\u00e9patite \/&nbsp;Parvovirose&nbsp;\/&nbsp;Letospirose&nbsp;et Vaccins contre la Toux du chenil indispensable en communaut\u00e9.&nbsp;<\/i><span style=\"font-style: italic; text-decoration: underline;\">Le carnet de sant\u00e9 devra obligatoirement \u00eatre remis au moment de l\u2019arriv\u00e9e<\/span><i>. Pour chaque s\u00e9jour.<\/i>&#8211;<em>Merci de proc\u00e9der \u00e0 un traitement antiparasitaire (antipuce et anti-tiques) ainsi qu\u2019un vermifuge avant son arriv\u00e9e. Le pensionnaire doit avoir \u00e9t\u00e9 vermifug\u00e9 au moins 48h avant le s\u00e9jour.<\/em><\/p>\n\n\n\n<p class=\"has-medium-font-size\">&#8211; <em>Pour le respect de l\u2019hygi\u00e8ne de notre maison, votre compagnon devra arriver propre, toilett\u00e9 si besoin. Accompagn\u00e9 de son couchage propre lui aussi.<\/em><\/p>\n\n\n\n<p class=\"has-medium-font-size\">&#8211;<em>Les traitement m\u00e9dicaux ne seront d\u00e9livr\u00e9s que sur pr\u00e9sentation d\u2019une ordonnance valide de votre v\u00e9t\u00e9rinaire. Les traitement devront \u00eatre signal\u00e9s \u00e0 la r\u00e9servation, en cas contraire un surcout de 1\u20ac par jour sera appliqu\u00e9. Signal\u00e9s \u00e0 la r\u00e9servation, je pourrais accepter votre compagnon en toute connaissance de cause.<\/em><\/p>\n\n\n\n<p class=\"has-medium-font-size\">&#8212;<em>Pour les femelles dont les chaleurs se d\u00e9clencheraient pendant le s\u00e9jour, pr\u00e9voir un suppl\u00e9ment de 2\u20ac par jour.<\/em><\/p>\n\n\n\n<p class=\"has-medium-font-size\">&#8212;<em>Pour la s\u00e9curit\u00e9 de votre compagnon, ce dernier ne pourra \u00eatre r\u00e9cup\u00e9r\u00e9 que par la personne l\u2019ayant d\u00e9pos\u00e9, sauf autorisation \u00e9crite du propri\u00e9taire accompagn\u00e9 de sa pi\u00e8ce d\u2019identit\u00e9.<\/em><\/p>\n\n\n\n<p class=\"has-medium-font-size\">&#8212;<em>En cas de reprise de l\u2019animal avant la date fix\u00e9e, le propri\u00e9taire ne peut pr\u00e9tendre au remboursement des jours perdus.<\/em><\/p>\n\n\n\n<p class=\"has-medium-font-size\">&#8212;<em>En cas de frais v\u00e9t\u00e9rinaires ces derniers seront \u00e0 la charge du propri\u00e9taire (justificatifs fournis)&nbsp;<\/em><\/p>\n\n\n\n<p class=\"has-medium-font-size\">&#8212;<em>Quelque soit l\u2019horaire d\u2019arriv\u00e9e, la journ\u00e9e sera\u00a0factur\u00e9e, le jour de d\u00e9part n\u2019est pas factur\u00e9 si je pensionnaire est partie entre 8h30 et 9h30. Attention, pas de d\u00e9part les dimanches et jours f\u00e9ri\u00e9es.<\/em><\/p>\n","protected":false},"excerpt":{"rendered":"<p>Afin de pr\u00e9server l\u2019\u00e9quilibre et le calme indispensables au bien-\u00eatre de tous, quelques pr\u00e9cautions s\u2019imposent : &#8211;Les arriv\u00e9es et les d\u00e9parts se font uniquement sur rendez-vous. Il en va de la tranquillit\u00e9 de nos pensionnaires et de notre entourage.&nbsp; &#8211;Pour garantir la s\u00e9r\u00e9nit\u00e9 de tous, je n\u2019accepte que des pensionnaires sociaux, connaissant la vie dans [&hellip;]<\/p>\n","protected":false},"author":1,"featured_media":0,"parent":0,"menu_order":0,"comment_status":"closed","ping_status":"closed","template":"","meta":{"spay_email":""},"_links":{"self":[{"href":"https:\/\/pensionchiens.fr\/index.php\/wp-json\/wp\/v2\/pages\/274"}],"collection":[{"href":"https:\/\/pensionchiens.fr\/index.php\/wp-json\/wp\/v2\/pages"}],"about":[{"href":"https:\/\/pensionchiens.fr\/index.php\/wp-json\/wp\/v2\/types\/page"}],"author":[{"embeddable":true,"href":"https:\/\/pensionchiens.fr\/index.php\/wp-json\/wp\/v2\/users\/1"}],"replies":[{"embeddable":true,"href":"https:\/\/pensionchiens.fr\/index.php\/wp-json\/wp\/v2\/comments?post=274"}],"version-history":[{"count":11,"href":"https:\/\/pensionchiens.fr\/index.php\/wp-json\/wp\/v2\/pages\/274\/revisions"}],"predecessor-version":[{"id":471,"href":"https:\/\/pensionchiens.fr\/index.php\/wp-json\/wp\/v2\/pages\/274\/revisions\/471"}],"wp:attachment":[{"href":"https:\/\/pensionchiens.fr\/index.php\/wp-json\/wp\/v2\/media?parent=274"}],"curies":[{"name":"wp","href":"https:\/\/api.w.org\/{rel}","templated":true}]}}