{"id":270,"date":"2020-12-05T16:30:20","date_gmt":"2020-12-05T15:30:20","guid":{"rendered":"http:\/\/pensionchiens.fr\/?page_id=270"},"modified":"2020-12-14T17:17:11","modified_gmt":"2020-12-14T16:17:11","slug":"pension-canine","status":"publish","type":"page","link":"https:\/\/pensionchiens.fr\/index.php\/pension-canine\/","title":{"rendered":"Pension Canine"},"content":{"rendered":"\n<p class=\"has-medium-font-size\"><em>Pour <\/em>une<em> journ\u00e9e, un week-end ou plusieurs semaines.<\/em><\/p>\n\n\n\n<p class=\"has-medium-font-size\"><em>Votre compagnon passera son s\u00e9jour dans une ambiance chaleureuse et familiale, parmi un nombre limit\u00e9 de cong\u00e9n\u00e8res.<\/em><\/p>\n\n\n\n<p class=\"has-medium-font-size\"><em>Les pensionnaires partagent leurs journ\u00e9es, au milieu de notre famille, entre la maison et le jardin.<\/em><\/p>\n\n\n\n<p class=\"has-medium-font-size\"><em>La maison est climatis\u00e9, le jardin cl\u00f4tur\u00e9, tout est nettoy\u00e9 quotidiennement.<\/em><\/p>\n\n\n\n<p class=\"has-medium-font-size\"><em>Pour les plus \u00ab\u00a0fragiles\u00a0\u00bb la maison et le jardin sont sans escalier.<\/em><\/p>\n\n\n\n<p class=\"has-medium-font-size\"><em>Pour les sportifs, toute une partie du terrain est disponible pour les galopades et le crapahutage.&nbsp;<\/em><\/p>\n\n\n\n<p class=\"has-medium-font-size\"><em>Votre compagnon dormira dans son panier, chacun s\u2019installant o\u00f9 il le veut dans notre pi\u00e8ce de vie. Seul notre espace nuit n\u2019est pas accessible.<\/em><\/p>\n\n\n\n<p class=\"has-medium-font-size\"><em>Les repas sont distribu\u00e9s selon vos habitudes, avec vos rations. Chacun \u00e9tant isol\u00e9 au moment des repas, seuls les pensionnaires habitu\u00e9s \u00e0 manger \u00ab&nbsp;\u00e0 volont\u00e9&nbsp;\u00bb verront un changement \u00ab(distribution matin, midi et soir).<\/em><\/p>\n\n\n\n<p class=\"has-medium-font-size\"><em>Pensez \u00e0 peser votre compagnon, cela vous prendra peu de temps et lui garantira une ration adapt\u00e9e lors de son s\u00e9jour.<\/em><\/p>\n","protected":false},"excerpt":{"rendered":"<p>Pour une journ\u00e9e, un week-end ou plusieurs semaines. Votre compagnon passera son s\u00e9jour dans une ambiance chaleureuse et familiale, parmi un nombre limit\u00e9 de cong\u00e9n\u00e8res. Les pensionnaires partagent leurs journ\u00e9es, au milieu de notre famille, entre la maison et le jardin. La maison est climatis\u00e9, le jardin cl\u00f4tur\u00e9, tout est nettoy\u00e9 quotidiennement. Pour les plus [&hellip;]<\/p>\n","protected":false},"author":1,"featured_media":354,"parent":0,"menu_order":0,"comment_status":"closed","ping_status":"closed","template":"","meta":{"spay_email":""},"_links":{"self":[{"href":"https:\/\/pensionchiens.fr\/index.php\/wp-json\/wp\/v2\/pages\/270"}],"collection":[{"href":"https:\/\/pensionchiens.fr\/index.php\/wp-json\/wp\/v2\/pages"}],"about":[{"href":"https:\/\/pensionchiens.fr\/index.php\/wp-json\/wp\/v2\/types\/page"}],"author":[{"embeddable":true,"href":"https:\/\/pensionchiens.fr\/index.php\/wp-json\/wp\/v2\/users\/1"}],"replies":[{"embeddable":true,"href":"https:\/\/pensionchiens.fr\/index.php\/wp-json\/wp\/v2\/comments?post=270"}],"version-history":[{"count":10,"href":"https:\/\/pensionchiens.fr\/index.php\/wp-json\/wp\/v2\/pages\/270\/revisions"}],"predecessor-version":[{"id":429,"href":"https:\/\/pensionchiens.fr\/index.php\/wp-json\/wp\/v2\/pages\/270\/revisions\/429"}],"wp:featuredmedia":[{"embeddable":true,"href":"https:\/\/pensionchiens.fr\/index.php\/wp-json\/wp\/v2\/media\/354"}],"wp:attachment":[{"href":"https:\/\/pensionchiens.fr\/index.php\/wp-json\/wp\/v2\/media?parent=270"}],"curies":[{"name":"wp","href":"https:\/\/api.w.org\/{rel}","templated":true}]}}